14) + (75 + 1 - 7).
53
Calculate (-64 - -13) + (-4 - 1) - (-1 - -7 - 15).
-47
Evaluate 149 + -130 + 131 + (-6 - 9 - 0).
135
What is the value of (-1 - -39) + -18 + (1 - -2) + -88 + 96?
31
What is the value of -46 + (50 + 16 - -27)?
47
What is the value of 165 + 126 + (-455 - -23)?
-141
Calculate 8 - ((-13 - -79) + 5 + 1 - (-12 + 4)).
-72
Calculate -11 - (-18 - (12 - (-2 + 12)) - 36).
45
Calculate 242 - 279 - (10 + 1 - 48).
0
Calculate 115 + -147 + 262 + -125.
105
-38 + 16 + 78 - 87
-31
What is 69 + (137 - 218 - -89) + 0 + 1 + 0?
78
Evaluate 104 + -143 - (13 - 37).
-15
Calculate 134 + (29 - 125) - (-2 + -23).
63
162 - (103 + -91 - -101)
49
What is (-2 - -11) + -5 + (54 - 3) - -14?
69
What is the value of -62 + (-2 - -13) + -6 + 7?
-50
What is (-12 - 43) + 66 + -18 + -80?
-87
Evaluate -12 - (313 - 467 - (-13 - 5)).
124
Calculate -21 - (10 - (-41 + 57)).
-15
Evaluate (-1 - -2) + (29 - (6 + 23)) + -61.
-60
Evaluate (0 - (-2 + -1)) + 6 + (-117 + 37 - -133).
62
What is the value of 122 + (-44 + 28 - -36) + -36?
106
What is -10 + 19 - -4 - (49 - 1)?
-35
Calculate 4 - (79 + -2 - 40).
-33
Calculate 16 - 47 - (-19 + 9).
-21
Calculate -38 + 17 + 9 + (-3 - -8) - 16.
-23
((-7 - -34) + -45 - -32) + (-1 - -13)
26
What is (-114 - -98) + (-1 - -24) - (2 - -2 - -3)?
0
Evaluate (-5 - -24) + 10 + -17 + -5 + -12.
-5
What is (-3 + 0 - -17) + -2 - 3?
9
What is 127 - 226 - -158 - (36 + 1)?
22
What is the value of (-2 - -1) + -2 + 11 + (5 - (-40 + -76))?
129
What is the value of (-1 - 5) + -3 - (51 + -63 + -20)?
23
Calculate -4 + -9 + (-1 - -76 - (-353 + 322)).
93
8 + -2 + (-8 - (-8 - (3 - 5)))
4
What is the value of 48 + 0 + (27 - 57) + 19 - 3?
34
What is the value of 9 - (-7 + (33 - (-10 - -13) - -12))?
-26
What is the value of 0 + -17 + 3 + -28 + 77?
35
What is the value of -260 + 252 - (3 - 3 - (47 + 2))?
41
Calculate -15 - (0 + -24 + (81 - 33)).
-39
What is -33745 + 33768 - (0 - (0 + 50))?
73
What is the value of -1 + 89 + -78 - (0 + 35)?
-25
What is the value of 0 + 82 - ((36 - 25) + 16 + (-12 - 5))?
72
Calculate 161 + (97 - 248) - -130.
140
What is the value of -48 + 1 + -3496 + 3501?
-42
Calculate (29 - -13) + (-44 - -38) + -39.
-3
What is the value of -85 - (120 - 345 - -23)?
117
What is (-77 - -61) + -5 + (-6 - -128)?
101
Evaluate (32 - 32 - (3 + -9)) + 12.
18
Calculate -17 - (-36 - (-53 + -2)).
-36
Evaluate 4 + (-4 - (-34 - (8 + -30))).
12
Calculate 22 + -32 + -2 + -2 + -45 + 15.
-44
Evaluate -9 - -5 - (20 - (3 - -7)) - -68.
54
What is the value of 30 + -72 + (33 - -2) + 0 + -54?
-61
(-36 - 35) + -3 - -51
-23
What is -99 + 109 + -8 + 7 + (6 - 12) + -91?
-88
(-10 + (9 - 3) - (-39 + -11 + -2)) + 10
58
Calculate 4 - (95 + -5 - 32) - -41.
-13
What is the value of -18 + -16 + 2 + -1 + (7 - (-9 - -18))?
-35
Evaluate -47 + (20 - ((-14 - -27) + -8)).
-32
Evaluate -25 + 112 - (24 + -40).
103
0 + -5 + 0 + 0 - (-136 + 161)
-30
Calculate (-15 - 26) + 23 + 2 + 0 + 7 + -25.
-34
What is the value of -7 + (1 - 31 - -26) + 19?
8
What is the value of -151 - (11 + 30 + -77)?
-115
Evaluate (21 - (-2 - -2)) + (-9 - (5 + -25)).
32
Evaluate 5 - 10 - (-23 + 9 + 59) - (32 + -34).
-48
Calculate 9 + 2 - (-158 - -176 - (28 - 6)).
15
Evaluate (-15 - (103 - (21 - -11))) + 16 + -3.
-73
21 + -30 - (-7 + 11 - 17) - -13
17
What is the value of (27 - (-75 + 22 + 6 - 9)) + (-1 - -15)?
97
-48 + 5 - ((233 - 253) + 24 + -1)
-46
Calculate (10 - -5) + (-52 - -41) - (36 + -2).
-30
Calculate 19 + 39 + (20 - 19) + 2.
61
What is the value of 85 + -1 + -130 + 86 + -62?
-22
What is -30 - (-45 - (-5 + -108))?
-98
Calculate 35 - (133 - -5 - (-276 - -270)).
-109
What is (106 - 108) + (-1 - 1) + 7 + 17?
20
0 + (-10 - 11 - -50)
29
What is the value of 30 + 3 + (10 + -10 - 23) + 11?
21
(-35 - -2) + 14 + -8 + 0 + -15
-42
What is -14 + (-51 + 58 - (1 + (2 - 27)))?
17
7 - (6 - 11 - (-3 + 26 + -8))
27
What is the value of -1 - -14 - (32 + -92 - -17 - 17)?
73
(14 - -81 - 87) + -36 + -2
-30
Calculate (-15 - -14) + (5 + 3 - -1) - (-45 - 5).
58
Calculate -31 - (55 + 55 + -29 + -68).
-44
Calculate -106 + (13 - -36) + 35.
-22
What is the value of (-235 - (-77 - 52)) + 1 + -16?
-121
71 - (15 + -35 + 45)
46
Evaluate (-954 - -1055) + -7 + -7 + (-8 - -3).
82
What is the value of -14 + 55 + -23 + -2 + -67 + 12?
-39
Evaluate 30 + -7 - (73 - 3) - -9.
-38
What is the value of 448 + -481 + (118 - -22)?
107
-1 + 10 + (2 + -48 + 7 - -1) + -14
-43
What is -1 - 3 - (906 + -908)?
-2
-15 - (-60 + -39 - (1 - 31))
54
Evaluate 1 + 9 + 5 + 13 + -99 + 9 + 1.
-61
Calculate 69 + -48 + 40 - 67.
-6
Calculate -20 + 36 + (-29 - -12).
-1
Evaluate (-5 - -1 - (2 + -5 + 1)) + (10249 - 10259).
-12
What is the value of (-70 - -89) + (-3 - 92) + 18?
-58
What is the value of (-1 - (-1 - 12)) + 13 + (76 - 104)?
-3
Evaluate -76 + (18 - 44 - -12) + -16 + 14.
-92
Calculate 69 - ((12 - 1) + ((-6 - -1) + 17 - 22)).
68
Calculate (5 + -7 - -3) + (-25 + 56 - 74).
-42
39 - 39 - (-6 - 5 - -4 - 4) - -2
13
What is 5 + -23 - -39 - -32?
53
What is (-33 - -6 - -35 - (13 - 1) - 9) + 97?
84
Evaluate -6 + (4 + -11 - (21 + -28)).
-6
Evaluate -38 + (4 + 1 - ((-10 - 0) + 23)).
-46
What is the value of 93 + 8 + -84 - (101 + (2 - 1))?
-85
What is the value of 1 - 0 - (5 + 22 + -30 - -24)?
-20
What is the value of 12 + -5 + 15 + -8 + -30 - 3?
-19
-77 + -137 + 164 + -95
-145
58 + (-24 + 50 - 26) + -9
49
Calculate 10 + (25 + -133 - -56).
-42
What is the value of 9 + 27 + 5 - (14 - 4 - -6 - 15)?
40
What is the value of (-10 - -137 - -12 - 9) + (-96 - -87)?
121
What is the value of (1 - -5) + (28 - 35) + -39 + 4 - 3?
-39
Evaluate 100 + -21 + (19 - 4) + -25.
69
What is the value of -21 + 2 - (88 - 67)?
-40
Evaluate 5 + 9 + -381 + 366 + 1 + 100 + 0.
100
Calculate -15 + 15 + 20 + -11 + -1.
8
What is 3420 + -3482 + (4 - 2 - 18)?
-78
(27 - (87 + -108)) + -56
-8
What is (7 - 8) + (-26 - (12 + 23)) + (-2 - -2)?
-62
Evaluate 1 + 8 + (9 - 62 - -19) + 10.
-15
What is the value of -59 + (96 + -140 - -110)?
7
Evaluate 25 - 101 - (22 - 46).
-52
-1 - 1 - -50 - (68 - (-126 + 184))
38
What is -47 + -9 + -32 + 97?
9
What is -39 + -69 - (48 + -126)?
-30
Calculate 13 + (5 + -10 - (-5 + 3) - -4).
14
Calculate (20 - -50 - 55) + -91.
-76
What is the value of (-104 - (3 + 0)) + (-2915 - -2940)?
-82
Calculate -7 - (-7 + (-23 - -2)) - (0 + 5).
16
What is 9 + (-11 - -41) + -12 + 2 + 12 + -12?
29
What is (1 - 0) + -81 + (43 - -12)?
-25
What is (4 - 1) + (9 + (2 - 20) - -23) + 8?
25
-45 + 93 + 28 + -58
18
What is the value of (35769 - 35801) + (4 - (1 + -1))?
-28
What is the value of -107 + 12 + 60 + 172?
137
What is the value of 23 - ((3 - -15) + -10) - ((15 - 5) + -22)?
27
Evaluate (3637 - 3750) + 101 + -1.
-13
80 + (-1 - (-6 + -1)) + (90 - (95 - -11))
70
What is the value of (-43 - -20) + 5 + (33 - 20)?
-5
Calculate (3 - (-9 - (-25 - -46))) + -108.
-75
Calculate 27 - ((-1 - -114) + 315 + -320).
-81
What is the value of -202 + 75 + 141 - (-3 + 3 - -7)?
7
What is 99 + (25 - (-138 + 239))?
23
Calculate (3 + (0 - 3) - -56) + (21 - -24) + -40.
61
Evaluate 23 + 36 + -22 + (11 - 10).
38
What is -58 - (-35 + 4 + -27)?
0
-30 + (-7 - -6) - (617 - 628)
-20
Evaluate (83 - (7 - (-20 + 7))) + -16 - -21.
68
What is (-29 - (5 + -6)) + 32 + 27?
31
What is 11 - (-24 + ((-6 - 6) + 12 - -3))?
32
What is 4 + (5 + (-10 - -6) - -3) + 0?
8
What is 17 + -86 + (72 - -18)?
21
Calculate 65 - 14 - (11 + (-31 - -5)).
66
Calculate -7 + -1 + (-1 - -64) - (-189 - -203).
41
What is 11 - (6 - -10) - -4 - (-67 + 1)?
65
What is the value of -44 + 52 + 41 + -102?
-53
(-29 - 26) + -27 + (-1 + -4 - -1)
-86
Evaluate -22 - ((-53 - -7) + 27).
-3
What is the value of -37 + 19 + -8 + 4 + (1 + 2 - 10)?
-29
What is the value of 9 - (-1 + 50 + -88 + 67)?
-19
Evaluate -5 + (4 - -5) + -31 + 7 + -12.
-32
Calculate -35 - (43 + -69) - (-70 + 0 + (12 - 5)).
54
What is -60 + -10 - -122 - 41?
11
Calculate (51 - (-3 - -75)) + 49.
28
Calculate -8 + -12 - ((20 - 11) + -4 - 10).
-15
Evaluate (9 + -1 + -1 - 6) + -7 - (-26 - 21).
41
(-1 - 88) + -22 + (-19 - (-44 + -9)) - -13
-64
What is 8 - (75 - (-14 - -22 - -6))?
-53
What is -7 + 31 + -1 - (4 - (7 - 7))?
19
What is 388 + -402 + -2 + 24 + -3?
5
What is the value of 167 + -164 + -54 + (42 - 2)?
-11
Evaluate 40 - (-147 + (104 - 7)).
90
Evaluate -13 - (-21 + 7 + -3 + (-3 - 2)).
9
What is 0 - -145 - (-9008 + 9049)